, 109
Suppose 5*x - 27 = -3*d - 6, -3*x = -9. Let i(l) = -2*l**3 - 4*l**2 - l + 4. Let t be i(0). What are the prime factors of -19*(-2 - d)/t?
19
Suppose -13*q - 9*q + 110 = 0. Suppose 2*s + 2*k = 0, -q*k - 12 = 11*s - 10*s. What are the prime factors of s?
3
Let g be ((-30)/(-7))/(24/21 - 1). Let x = g + -29. List the prime factors of -1 - -1 - (x - (-620)/(-5)).
3, 41
Let o = -21163 - -44307. What are the prime factors of o?
2, 11, 263
Let z(q) = 14*q**2 - 182*q - 138. What are the prime factors of z(26)?
2, 2297
Let a(c) = -c + 4. Let z be a(0). Let d = 392 - 264. Suppose -s = 2*j - d, z*j + s = -0*s + 256. What are the prime factors of j?
2
Let v = 68 - 66. Suppose 12 = 4*a, a = -v*m + 4*a - 1. Suppose 0 = -m*n + 3*w + 89, n + 0*w - 16 = 2*w. List the prime factors of n.
2, 13
Suppose 2 = -w - 4*u + 3*u, -4*w - 2*u = 0. Suppose 0 = x - w*x + 4*h - 39, 3*h = -2*x - 67. Let d = 43 + x. What are the prime factors of d?
2
Suppose -358*q = -376*q + 140454. What are the prime factors of q?
3, 17
Suppose 39 = 3*q - 5*n, 4*n + 27 = 2*q + n. Suppose 12*z - 3*z = q. Suppose 2*f - 88 = z*d, -8*f + 3*f - 4*d = -211. List the prime factors of f.
43
Let d = -27751 + 46191. What are the prime factors of (1 + -2)/(3 - d/6145)?
1229
Let v be (-3 - -59) + (-3 - -1). Suppose 10*c - 5*c + 3*f = -v, c = 3*f. Let l = c - -85. What are the prime factors of l?
2, 19
Let r = -6060 - -15238. List the prime factors of r.
2, 13, 353
Let n(c) = c**3 - 14*c**2 - 9*c + 10. Let k(u) = u + 1. Let y(w) = -2*k(w) + n(w). Let q be y(15). Suppose 7*b - 684 = -q. List the prime factors of b.
2, 11
What are the prime factors of (190148/(-12))/(392/(-336))?
2, 6791
Suppose a = 0, -9*y = -5*y + 5*a - 3228. Let x = 533 - y. What are the prime factors of 4/(2 + 0) - x?
2, 3, 23
Suppose 4*t + 3566 - 25338 = -5*y, 0 = -3*t - 4*y + 16328. List the prime factors of t.
2, 3, 227
Let y = 2232 - 762. Suppose 5*h - 3*x + 1659 - 5342 = 0, -2*h + 2*x = -y. What are the prime factors of h?
739
Let w(t) = -3*t**3 - 20*t**2 + 17*t + 12. Let i be w(-8). Suppose i = z + 2*v - 238, -4*z + 4*v = -1468. List the prime factors of z.
2, 23
Let z be (-1)/3*(-3)/4*-12. What are the prime factors of 3 + -1 - (-4 - (2 + z))?
5
Let y be (-21 - -28) + 2/2 + -4. What are the prime factors of (287 + y - 4)/(1/2)?
2, 7, 41
Suppose -3*k - 5*c = -2*k - 292, -4*k = -5*c - 1218. Suppose -5*u = 3*l - 866, l + 5*u - k = 6*u. List the prime factors of l.
3, 11
Suppose 98*x - 3200788 = -66*x. What are the prime factors of x?
29, 673
Let c(y) = -6*y - 74. Let t(w) = 8*w - 30. Suppose 6*r - 3*r + 4*r = 0. Let d be t(r). What are the prime factors of c(d)?
2, 53
Let d(t) = t**2 + 4*t - 22. Let c be d(-8). Suppose 0 = 6*a - a - c. Suppose -3*j - 3*y + a*y = -364, -2*y + 128 = j. List the prime factors of j.
2, 3, 5
Let q(b) = b**3 + 2 + 0*b - 8*b + 4*b - 3*b**2. Let t be q(3). What are the prime factors of (-1968)/t + (130/25 - 6)?
2, 7
Let o be ((-25044)/(-6))/(-7 - -9). Suppose -4*u + 2*u = -5*s - o, 5*s = -5. List the prime factors of u.
3, 347
Let y(r) = -435*r + 1192. List the prime factors of y(-18).
2, 13, 347
Let f(g) = 201 - 400 + 198 - 269*g**3. List the prime factors of f(-1).
2, 67
Let n(x) = -575*x - 15900. List the prime factors of n(-111).
3, 5, 71
What are the prime factors of 74984/140*1720/16?
13, 43, 103
Let a = -66695 + 119144. What are the prime factors of a?
3, 17483
Let b(y) = 675*y - 300. Let a(t) = -135*t + 59. Let n(v) = -21*a(v) - 4*b(v). List the prime factors of n(13).
2, 3, 11, 13
Suppose f - 368 = -g + 53, 3*f + 817 = 2*g. Let d = g - 152. List the prime factors of d.
2, 3, 11
Let x = 179 + -194. List the prime factors of (-6 - 81/x) + 14439/15.
2, 13, 37
Let i(q) = 99*q - 2504. List the prime factors of i(85).
23, 257
Let l(f) = 68*f**3 + f**2 + 22*f - 14. What are the prime factors of l(3)?
7, 271
Suppose j = -4*y + 16, j - 22*y + 25*y = 12. Suppose j = 14*x - 120 - 5382. What are the prime factors of x?
3, 131
Suppose -79255 = -20*o + 145. What are the prime factors of o?
2, 5, 397
Let l be 4/6 + (-1)/(3/(-1837)). Let u = l + -210. What are the prime factors of u?
13, 31
List the prime factors of (1/(-11) + (3 - (-11574)/22))*23.
23
Let l(u) = -u**3 + 35*u**2 + 72*u + 1. Let f(o) = -20*o + 196. Let a be f(8). What are the prime factors of l(a)?
1297
Let b(d) = d**2 + 10*d + 7. Let c be b(-4). Let n = c - -12. What are the prime factors of -47*n/5 - -2?
7
Let z = -29547 - -49459. What are the prime factors of z?
2, 19, 131
Let p(r) = -141*r + 146. Let c be p(-6). Suppose 261*o - 259*o = c. What are the prime factors of o?
2, 31
List the prime factors of ((-1)/(-4))/1 + ((-96883464)/(-96))/37.
2, 3, 2273
Suppose -8*p + 87 = -65. Let u(j) = 22*j + 1. What are the prime factors of u(p)?
419
Let x = -6744 - -30262. What are the prime factors of x?
2, 11, 1069
Let o(g) = -473*g - 1701. What are the prime factors of o(-12)?
3, 5, 53
Let o(k) = -2*k**2 + 230*k - 197. Let s(r) = -58*r + 49. Let p(i) = -2*o(i) - 9*s(i). List the prime factors of p(-23).
643
Let k be -1 + (-33128)/(-22) - 10/(-55). Suppose y = -4*y - k. Let v = -201 - y. List the prime factors of v.
2, 5
Suppose -a + 12652 = -4*k + 4*a + 40668, -a = 0. List the prime factors of k.
2, 17, 103
Let d(s) = -6877*s + 338. What are the prime factors of d(-6)?
2, 5, 13
Let y(t) = -705*t - 255. What are the prime factors of y(-21)?
2, 3, 5, 97
Suppose -4*u = -14 + 2. Suppose 59*l - 1545 = 330*l + 2520. List the prime factors of u + (-44)/12 + (-2425)/l.
7, 23
Let b(h) = -20*h**3 + h**2 + h + 14. Let a be b(-3). Suppose -a = -7*x + 441. What are the prime factors of x?
11, 13
Suppose 2*w - 3*i - 5 = 10, 5*w - 35 = 5*i. Suppose -153 = w*y - 3009. What are the prime factors of y?
2, 7, 17
Let u(l) = 27*l**2 - 3*l + 5. Let f be u(-6). Let x be f - 1/(-3)*(3 - 0). Suppose 19*t = 7*t + x. List the prime factors of t.
83
Let m = -40515 - -64587. List the prime factors of m.
2, 3, 17, 59
Let q(p) = -877*p + 2770. What are the prime factors of q(-14)?
2, 3, 11, 19
Let o(g) = -35776*g**3 - 2*g**2 - 2*g. Let b be o(-1). Suppose 16*j = -10*j + b. List the prime factors of j.
2, 43
List the prime factors of 780/(-325) - 34717/(-5).
11, 631
Let t(s) = 9*s**2 + 7*s + 8. Let f be 14*2/(-4) + (1 - -3). What are the prime factors of t(f)?
2, 17
Let n(o) = -95*o - 7. Let c be n(-11). Suppose 7*w - 33 = c. Let b = -67 + w. List the prime factors of b.
2, 43
Let s(y) = -3*y**2 + 26. Let l be s(4). Let n = 671 - l. What are the prime factors of n?
3, 7, 11
Suppose 0 = 3*o - 5*h + 5 + 13, -4*h + 12 = -2*o. Let d(y) = 13*y + 24. Let u(m) = 14*m + 25. Let t(v) = 5*d(v) - 6*u(v). What are the prime factors of t(o)?
2, 3, 7
Suppose -172279 = -18*q - 53389. List the prime factors of q.
5, 1321
Let n(m) = m**3 + 29*m**2 - 21*m + 40. Let z be 2*(-398)/28 + (-96)/168. List the prime factors of n(z).
11, 59
Let i be 3 + 715/15 - 2/3. What are the prime factors of 1996/6 - i/75?
2, 83
Let q(a) = 17*a - 22. Let b be q(1). What are the prime factors of (-8076)/b + 34/(-170)?
5, 17, 19
Suppose -2*t + 5*s + 23119 = 0, 0 = 81*t - 77*t - 3*s - 46273. What are the prime factors of t?
2, 11, 263
List the prime factors of (-20)/(-60)*28419 + (-1 - 6).
2, 4733
List the prime factors of ((-1)/(3/2794))/((-222)/333).
11, 127
Suppose -2*j + 4770 = 6*o - 8*o, o - 2375 = -j. Suppose 2*s - j = -2*d + 150, -3811 = -3*s + d. List the prime factors of s.
3, 47
Let j be -6 - -161 - 4/(-1). Let q = 347 - j. Let u = -97 + q. What are the prime factors of u?
7, 13
List the prime factors of (40878 - 1) + 17 + (11 - 28).
41, 997
List the prime factors of (-604520)/(-36) + 1 + (-100)/450.
7, 2399
Let b(i) = -3*i + 3*i - 10 - 2*i - 9. Let w be b(-15). Suppose w*k + 520 = 15*k. What are the prime factors of k?
2, 5, 13
Suppose -2*g = -25 - 27. Let m = g + -24. List the prime factors of -4*m/(-4)*69/6.
23
Let f(i) = -9*i - 31. Let j be f(-4). Suppose 5*w = j*o + 1770, o + 1440 = 4*w + 5*o. List the prime factors of w.
3, 7, 17
Let o(a) = -260*a**3 + 2*a**2 - 3*a - 55. What are the prime factors of o(-6)?
5, 11239
Let v be -11*(2/6)/((-3)/9). Suppose -v*w + 8*w + 708 = 0. What are the prime factors of w?
2, 59
Let d(s) = -46567*s**3 + 16*s**2 + 17*s - 1. What are the prime factors of d(-1)?
5, 67